{"id":123,"date":"2017-02-21T18:31:52","date_gmt":"2017-02-21T17:31:52","guid":{"rendered":"http:\/\/etraz-immo.ch\/?page_id=123"},"modified":"2024-11-24T19:49:33","modified_gmt":"2024-11-24T18:49:33","slug":"promotion-la-preya","status":"publish","type":"page","link":"https:\/\/etraz-immo.ch\/?page_id=123","title":{"rendered":"R\u00e9alisation :"},"content":{"rendered":"\n<h2 class=\"wp-block-heading\">R\u00e9alisation<\/h2>\n\n\n\n<div class=\"wp-block-cover alignfull is-light\" style=\"min-height:960px;aspect-ratio:unset;\"><span aria-hidden=\"true\" class=\"wp-block-cover__background has-base-2-background-color has-background-dim-90 has-background-dim\"><\/span><div class=\"wp-block-cover__inner-container has-global-padding is-layout-constrained wp-container-core-cover-is-layout-1 wp-block-cover-is-layout-constrained\">\n<blockquote>\n<h3>R\u00e9sidence la Preya<\/h3>\n<\/blockquote>\n<div id=\"metaslider-id-530\" style=\"width: 100%; margin: 0 auto;\" class=\"ml-slider-3-93-0 metaslider metaslider-nivo metaslider-530 ml-slider ms-theme-default\" role=\"region\" aria-roledescription=\"Slideshow\" aria-label=\"Travaux\">\n    <div id=\"metaslider_container_530\">\n        <div class='slider-wrapper theme-default'><div class='ribbon'><\/div><div id='metaslider_530' class='nivoSlider'><img loading=\"lazy\" decoding=\"async\" src=\"https:\/\/etraz-immo.ch\/wp-content\/uploads\/2018\/12\/immeuble-neige-2-1200x700.jpg\" height=\"700\" width=\"1200\" title=\"immeuble neige 2\" alt=\"\" class=\"slider-530 slide-777\" \/><img loading=\"lazy\" decoding=\"async\" src=\"https:\/\/etraz-immo.ch\/wp-content\/uploads\/2018\/12\/5DM37456-HDR-1200x700.jpg\" height=\"700\" width=\"1200\" title=\"5DM37456-HDR\" alt=\"\" class=\"slider-530 slide-766\" \/><img loading=\"lazy\" decoding=\"async\" src=\"https:\/\/etraz-immo.ch\/wp-content\/uploads\/2018\/12\/5DM37464-HDR-1200x700.jpg\" height=\"700\" width=\"1200\" title=\"5DM37464-HDR\" alt=\"\" class=\"slider-530 slide-767\" \/><img loading=\"lazy\" decoding=\"async\" src=\"https:\/\/etraz-immo.ch\/wp-content\/uploads\/2018\/12\/5DM37516-HDR-1200x700.jpg\" height=\"700\" width=\"1200\" title=\"5DM37516-HDR\" alt=\"\" class=\"slider-530 slide-775\" \/><img loading=\"lazy\" decoding=\"async\" src=\"https:\/\/etraz-immo.ch\/wp-content\/uploads\/2018\/12\/5DM37488-HDR-1200x700.jpg\" height=\"700\" width=\"1200\" title=\"5DM37488-HDR\" alt=\"\" class=\"slider-530 slide-770\" \/><img loading=\"lazy\" decoding=\"async\" src=\"https:\/\/etraz-immo.ch\/wp-content\/uploads\/2018\/02\/10_Promotion-La-Preya-1641455_1666124-130_003-1200x700.jpg\" height=\"700\" width=\"1200\" alt=\"\" class=\"slider-530 slide-610\" \/><img loading=\"lazy\" decoding=\"async\" src=\"https:\/\/etraz-immo.ch\/wp-content\/uploads\/2018\/02\/10_Promotion-La-Preya-1641455_1666124-130_001-1200x700.jpg\" height=\"700\" width=\"1200\" alt=\"\" class=\"slider-530 slide-609\" \/><img loading=\"lazy\" decoding=\"async\" src=\"https:\/\/etraz-immo.ch\/wp-content\/uploads\/2018\/02\/10_Promotion-La-Preya-1641455_1666124-130_004-1200x700.jpg\" height=\"700\" width=\"1200\" alt=\"\" class=\"slider-530 slide-611\" \/><img loading=\"lazy\" decoding=\"async\" src=\"https:\/\/etraz-immo.ch\/wp-content\/uploads\/2018\/02\/20_Promotion-La-Preya-1641455_1666124-130_001-1200x700.jpg\" height=\"700\" width=\"1200\" alt=\"\" class=\"slider-530 slide-612\" \/><img loading=\"lazy\" decoding=\"async\" src=\"https:\/\/etraz-immo.ch\/wp-content\/uploads\/2018\/02\/20_Promotion-La-Preya-1641455_1666124-130_002-1200x700.jpg\" height=\"700\" width=\"1200\" alt=\"\" class=\"slider-530 slide-613\" \/><img loading=\"lazy\" decoding=\"async\" src=\"https:\/\/etraz-immo.ch\/wp-content\/uploads\/2017\/08\/salle-de-bain-2.5-pce-1200x700.jpg\" height=\"700\" width=\"1200\" alt=\"\" class=\"slider-530 slide-556\" \/><img loading=\"lazy\" decoding=\"async\" src=\"https:\/\/etraz-immo.ch\/wp-content\/uploads\/2017\/08\/WC-2.5-pce-1200x700.jpg\" height=\"700\" width=\"1200\" alt=\"\" class=\"slider-530 slide-560\" \/><img loading=\"lazy\" decoding=\"async\" src=\"https:\/\/etraz-immo.ch\/wp-content\/uploads\/2017\/08\/Preya-arret-bus-photo-1200x700.jpg\" height=\"700\" width=\"1200\" alt=\"\" class=\"slider-530 slide-554\" \/><img loading=\"lazy\" decoding=\"async\" src=\"https:\/\/etraz-immo.ch\/wp-content\/uploads\/2017\/08\/vue-4.5-pce-1200x700.jpg\" height=\"700\" width=\"1200\" alt=\"\" class=\"slider-530 slide-558\" \/><img loading=\"lazy\" decoding=\"async\" src=\"https:\/\/etraz-immo.ch\/wp-content\/uploads\/2018\/05\/IMG_6423-1200x700.jpg\" height=\"700\" width=\"1200\" alt=\"\" class=\"slider-530 slide-651\" \/><img loading=\"lazy\" decoding=\"async\" src=\"https:\/\/etraz-immo.ch\/wp-content\/uploads\/2017\/08\/couloir-assenceure-1200x700.jpg\" height=\"700\" width=\"1200\" alt=\"\" class=\"slider-530 slide-551\" \/><img loading=\"lazy\" decoding=\"async\" src=\"https:\/\/etraz-immo.ch\/wp-content\/uploads\/2018\/10\/IMG_7482-1200x700.jpg\" height=\"700\" width=\"1200\" alt=\"\" class=\"slider-530 slide-665\" \/><img loading=\"lazy\" decoding=\"async\" src=\"https:\/\/etraz-immo.ch\/wp-content\/uploads\/2018\/12\/5DM37468-HDR-1200x700.jpg\" height=\"700\" width=\"1200\" title=\"5DM37468-HDR\" alt=\"\" class=\"slider-530 slide-768\" \/><img loading=\"lazy\" decoding=\"async\" src=\"https:\/\/etraz-immo.ch\/wp-content\/uploads\/2018\/12\/5DM37480-HDR-1200x700.jpg\" height=\"700\" width=\"1200\" title=\"5DM37480-HDR\" alt=\"\" class=\"slider-530 slide-769\" \/><img loading=\"lazy\" decoding=\"async\" src=\"https:\/\/etraz-immo.ch\/wp-content\/uploads\/2018\/12\/5DM37496-HDR-1200x700.jpg\" height=\"700\" width=\"1200\" title=\"5DM37496-HDR\" alt=\"\" class=\"slider-530 slide-771\" \/><img loading=\"lazy\" decoding=\"async\" src=\"https:\/\/etraz-immo.ch\/wp-content\/uploads\/2018\/12\/5DM37504-HDR-1200x700.jpg\" height=\"700\" width=\"1200\" title=\"5DM37504-HDR\" alt=\"\" class=\"slider-530 slide-773\" \/><img loading=\"lazy\" decoding=\"async\" src=\"https:\/\/etraz-immo.ch\/wp-content\/uploads\/2018\/12\/5DM37508-HDR-1200x700.jpg\" height=\"700\" width=\"1200\" title=\"5DM37508-HDR\" alt=\"\" class=\"slider-530 slide-774\" \/><img loading=\"lazy\" decoding=\"async\" src=\"https:\/\/etraz-immo.ch\/wp-content\/uploads\/2019\/02\/5DM37102-HDR-1200x700.jpg\" height=\"700\" width=\"1200\" title=\"5DM37102-HDR\" alt=\"\" class=\"slider-530 slide-827\" \/><img loading=\"lazy\" decoding=\"async\" src=\"https:\/\/etraz-immo.ch\/wp-content\/uploads\/2019\/02\/5DM37106-HDR-1200x700.jpg\" height=\"700\" width=\"1200\" title=\"5DM37106-HDR\" alt=\"\" class=\"slider-530 slide-828\" \/><img loading=\"lazy\" decoding=\"async\" src=\"https:\/\/etraz-immo.ch\/wp-content\/uploads\/2019\/02\/5DM37114-HDR-1200x700.jpg\" height=\"700\" width=\"1200\" title=\"5DM37114-HDR\" alt=\"\" class=\"slider-530 slide-829\" \/><img loading=\"lazy\" decoding=\"async\" src=\"https:\/\/etraz-immo.ch\/wp-content\/uploads\/2019\/02\/5DM37122-HDR-1200x700.jpg\" height=\"700\" width=\"1200\" title=\"5DM37122-HDR\" alt=\"\" class=\"slider-530 slide-830\" \/><img loading=\"lazy\" decoding=\"async\" src=\"https:\/\/etraz-immo.ch\/wp-content\/uploads\/2019\/02\/bathroom-3-1200x700.jpg\" height=\"700\" width=\"1200\" title=\"bathroom 3\" alt=\"\" class=\"slider-530 slide-831\" \/><img loading=\"lazy\" decoding=\"async\" src=\"https:\/\/etraz-immo.ch\/wp-content\/uploads\/2019\/02\/bathroom-4-1200x700.jpg\" height=\"700\" width=\"1200\" title=\"bathroom 4\" alt=\"\" class=\"slider-530 slide-832\" \/><img loading=\"lazy\" decoding=\"async\" src=\"https:\/\/etraz-immo.ch\/wp-content\/uploads\/2019\/02\/fireplace-1200x700.jpg\" height=\"700\" width=\"1200\" title=\"fireplace\" alt=\"\" class=\"slider-530 slide-833\" \/><img loading=\"lazy\" decoding=\"async\" src=\"https:\/\/etraz-immo.ch\/wp-content\/uploads\/2019\/02\/master-bedroom-1200x700.jpg\" height=\"700\" width=\"1200\" title=\"master bedroom\" alt=\"\" class=\"slider-530 slide-834\" \/><img loading=\"lazy\" decoding=\"async\" src=\"https:\/\/etraz-immo.ch\/wp-content\/uploads\/2019\/02\/room-1-1200x700.jpg\" height=\"700\" width=\"1200\" title=\"room 1\" alt=\"\" class=\"slider-530 slide-835\" \/><img loading=\"lazy\" decoding=\"async\" src=\"https:\/\/etraz-immo.ch\/wp-content\/uploads\/2019\/02\/room-2-1200x700.jpg\" height=\"700\" width=\"1200\" title=\"room 2\" alt=\"\" class=\"slider-530 slide-836\" \/><img loading=\"lazy\" decoding=\"async\" src=\"https:\/\/etraz-immo.ch\/wp-content\/uploads\/2019\/02\/room-3-1200x700.jpg\" height=\"700\" width=\"1200\" title=\"room 3\" alt=\"\" class=\"slider-530 slide-837\" \/><img loading=\"lazy\" decoding=\"async\" src=\"https:\/\/etraz-immo.ch\/wp-content\/uploads\/2019\/02\/IMG_8969-1200x700.jpg\" height=\"700\" width=\"1200\" title=\"IMG_8969\" alt=\"\" class=\"slider-530 slide-844\" \/><img loading=\"lazy\" decoding=\"async\" src=\"https:\/\/etraz-immo.ch\/wp-content\/uploads\/2019\/02\/IMG_8968-1200x700.jpg\" height=\"700\" width=\"1200\" title=\"IMG_8968\" alt=\"\" class=\"slider-530 slide-845\" \/><img loading=\"lazy\" decoding=\"async\" src=\"https:\/\/etraz-immo.ch\/wp-content\/uploads\/2019\/02\/IMG_8962-1200x700.jpg\" height=\"700\" width=\"1200\" title=\"IMG_8962\" alt=\"\" class=\"slider-530 slide-846\" \/><img loading=\"lazy\" decoding=\"async\" src=\"https:\/\/etraz-immo.ch\/wp-content\/uploads\/2019\/02\/la-preya-vue-ext-4-1200x700.jpg\" height=\"700\" width=\"1200\" title=\"la preya vue ext 4\" alt=\"\" class=\"slider-530 slide-847\" \/><img loading=\"lazy\" decoding=\"async\" src=\"https:\/\/etraz-immo.ch\/wp-content\/uploads\/2019\/02\/la-preya-vue-ext5-1200x700.jpg\" height=\"700\" width=\"1200\" title=\"la preya vue ext5\" alt=\"\" class=\"slider-530 slide-848\" \/><img loading=\"lazy\" decoding=\"async\" src=\"https:\/\/etraz-immo.ch\/wp-content\/uploads\/2019\/04\/IMG_9063-HDR-1200x700.jpg\" height=\"700\" width=\"1200\" title=\"IMG_9063-HDR\" alt=\"\" class=\"slider-530 slide-880\" \/><img loading=\"lazy\" decoding=\"async\" src=\"https:\/\/etraz-immo.ch\/wp-content\/uploads\/2019\/04\/IMG_9069-HDR-1200x700.jpg\" height=\"700\" width=\"1200\" title=\"IMG_9069-HDR\" alt=\"\" class=\"slider-530 slide-881\" \/><img loading=\"lazy\" decoding=\"async\" src=\"https:\/\/etraz-immo.ch\/wp-content\/uploads\/2019\/04\/IMG_9074-HDR-1200x700.jpg\" height=\"700\" width=\"1200\" title=\"IMG_9074-HDR\" alt=\"\" class=\"slider-530 slide-882\" \/><img loading=\"lazy\" decoding=\"async\" src=\"https:\/\/etraz-immo.ch\/wp-content\/uploads\/2019\/04\/IMG_9078-HDR-1200x700.jpg\" height=\"700\" width=\"1200\" title=\"IMG_9078-HDR\" alt=\"\" class=\"slider-530 slide-883\" \/><img loading=\"lazy\" decoding=\"async\" src=\"https:\/\/etraz-immo.ch\/wp-content\/uploads\/2019\/04\/IMG_9087-HDR-1200x700.jpg\" height=\"700\" width=\"1200\" title=\"IMG_9087-HDR\" alt=\"\" class=\"slider-530 slide-884\" \/><img loading=\"lazy\" decoding=\"async\" src=\"https:\/\/etraz-immo.ch\/wp-content\/uploads\/2019\/04\/IMG_9090-HDR-1200x700.jpg\" height=\"700\" width=\"1200\" title=\"IMG_9090-HDR\" alt=\"\" class=\"slider-530 slide-885\" \/><img loading=\"lazy\" decoding=\"async\" src=\"https:\/\/etraz-immo.ch\/wp-content\/uploads\/2019\/04\/IMG_9096-HDR-2-1200x700.jpg\" height=\"700\" width=\"1200\" title=\"IMG_9096-HDR-2\" alt=\"\" class=\"slider-530 slide-886\" \/><\/div><\/div>\n        \n    <\/div>\n<\/div>\n<h3>Construction \u00e0 Haute-Nendaz<\/h3>\n<p>La r\u00e9sidence La Preya est situ\u00e9e \u00e0 proximit\u00e9 imm\u00e9diate de la station et de toutes les commodit\u00e9s. Cette nouvelle construction \u00e0 propos\u00e9 \u00e0 la vente 7 appartements distribu\u00e9s sur 3 niveaux ainsi que 8 places de parking int\u00e9rieures et 4 places ext\u00e9rieures.<\/p>\n<p>Tous les appartements ont une vue sur la vall\u00e9e du Rh\u00f4ne et les Alpes. Ils sont munis de grandes baies vitr\u00e9es ainsi que de g\u00e9n\u00e9reux balcons. Des jardins compl\u00e8tent les biens de 4.5 pi\u00e8ces pour le rez-de-chauss\u00e9e.<\/p>\n<p>La r\u00e9sidence dispose d\u2019un ascenseur, d\u2019une cave priv\u00e9e par appartement et d\u2019un local commun de buanderie.<\/p>\n<p>En terme d\u2019\u00e9nergie, cet immeuble est aliment\u00e9 au gaz et les appartements sont \u00e9quip\u00e9s d\u2019un chauffage au sol, ainsi que de po\u00eales dans les 4.5 pi\u00e8ces.<\/p>\n<p>Des mat\u00e9riaux nobles ont \u00e9t\u00e9 utilis\u00e9s pour la construction et l\u2019isolation de la r\u00e9sidence, triple vitrage, pierre naturelle, bois de m\u00e9l\u00e8ze.<\/p>\n<p>Ann\u00e9e de construction 2018.<\/p>\n<h3>Visite virtuelles 360\u00b0 :<\/h3>\n<pre><span class=\"\" style=\"font-family: HelveticaNeue;\">Appartement\u00a020 :\u00a0<a class=\"\" href=\"https:\/\/arolle.com\/virtualtour\/lapreya\/4.5\/\">https:\/\/arolle.com\/virtualtou<\/a><\/span><span class=\"\" style=\"font-family: HelveticaNeue;\"><a class=\"\" href=\"https:\/\/arolle.com\/virtualtour\/lapreya\/4.5\/\">r\/4.5<\/a><\/span>\n\n<span class=\"\" style=\"font-family: HelveticaNeue;\">Appartement\u00a018 :\u00a0<a class=\"\" href=\"https:\/\/arolle.com\/virtualtour\/etraz-immo\/la_preya\/18-2\/\">https:\/\/arolle.com\/virtualtour\/etraz-immo\/la_preya\/18-2\/<\/a><\/span>\n\n<span class=\"\" style=\"font-family: HelveticaNeue;\">Appartement 21 :\u00a0<a class=\"\" href=\"https:\/\/arolle.com\/virtualtour\/etraz-immo\/la_preya\/21-5\/\">https:\/\/arolle.com\/virtualtour\/etraz-immo\/la_preya\/21-5\/<\/a><\/span><\/pre>\n<hr \/>\n<p style=\"text-align: center;\">Envoyez-nous vos demandes :<\/p>\n<p style=\"text-align: center;\"><span style=\"font-size: 10pt;\"><div class=\"wpforms-container wpforms-container-full wpforms-render-modern\" id=\"wpforms-2148\"><form id=\"wpforms-form-2148\" class=\"wpforms-validate wpforms-form wpforms-ajax-form\" data-formid=\"2148\" method=\"post\" enctype=\"multipart\/form-data\" action=\"\/index.php?rest_route=%2Fwp%2Fv2%2Fpages%2F123\" data-token=\"b89f3d8b08ef95c749e94a9ff660ebc5\" data-token-time=\"1776166666\"><noscript class=\"wpforms-error-noscript\">Veuillez activer JavaScript dans votre navigateur pour remplir ce formulaire.<\/noscript><div class=\"wpforms-hidden\" id=\"wpforms-error-noscript\">Veuillez activer JavaScript dans votre navigateur pour remplir ce formulaire.<\/div><div class=\"wpforms-field-container\"><div id=\"wpforms-2148-field_1-container\" class=\"wpforms-field wpforms-field-name\" data-field-id=\"1\"><fieldset><legend class=\"wpforms-field-label\">Nom <span class=\"wpforms-required-label\" aria-hidden=\"true\">*<\/span><\/legend><div class=\"wpforms-field-row wpforms-field-medium\"><div class=\"wpforms-field-row-block wpforms-first wpforms-one-half\"><input type=\"text\" id=\"wpforms-2148-field_1\" class=\"wpforms-field-name-first wpforms-field-required\" name=\"wpforms[fields][1][first]\" placeholder=\"Prenom\" aria-errormessage=\"wpforms-2148-field_1-error\" required><label for=\"wpforms-2148-field_1\" class=\"wpforms-field-sublabel after wpforms-sublabel-hide\">Pr\u00e9nom<\/label><\/div><div class=\"wpforms-field-row-block wpforms-one-half\"><input type=\"text\" id=\"wpforms-2148-field_1-last\" class=\"wpforms-field-name-last wpforms-field-required\" name=\"wpforms[fields][1][last]\" placeholder=\"Nom\" aria-errormessage=\"wpforms-2148-field_1-last-error\" required><label for=\"wpforms-2148-field_1-last\" class=\"wpforms-field-sublabel after wpforms-sublabel-hide\">Nom<\/label><\/div><\/div><\/fieldset><\/div><div id=\"wpforms-2148-field_2-container\" class=\"wpforms-field wpforms-field-email\" data-field-id=\"2\"><label class=\"wpforms-field-label\" for=\"wpforms-2148-field_2\">Mail <span class=\"wpforms-required-label\" aria-hidden=\"true\">*<\/span><\/label><input type=\"email\" id=\"wpforms-2148-field_2\" class=\"wpforms-field-medium wpforms-field-required\" name=\"wpforms[fields][2]\" spellcheck=\"false\" aria-errormessage=\"wpforms-2148-field_2-error\" required><\/div><div id=\"wpforms-2148-field_5-container\" class=\"wpforms-field wpforms-field-text\" data-field-id=\"5\"><label class=\"wpforms-field-label\" for=\"wpforms-2148-field_5\">T\u00e9l\u00e9phone<\/label><input type=\"text\" id=\"wpforms-2148-field_5\" class=\"wpforms-field-medium\" name=\"wpforms[fields][5]\" aria-errormessage=\"wpforms-2148-field_5-error\" ><\/div><div id=\"wpforms-2148-field_3-container\" class=\"wpforms-field wpforms-field-textarea\" data-field-id=\"3\"><label class=\"wpforms-field-label\" for=\"wpforms-2148-field_3\">Votre message<\/label><textarea id=\"wpforms-2148-field_3\" class=\"wpforms-field-medium\" name=\"wpforms[fields][3]\" aria-errormessage=\"wpforms-2148-field_3-error\" ><\/textarea><\/div><\/div><!-- .wpforms-field-container --><div class=\"wpforms-recaptcha-container wpforms-is-recaptcha wpforms-is-recaptcha-type-v2\" ><div class=\"g-recaptcha\" data-sitekey=\"6LfC8gcsAAAAAAXGg4LfRJRK1AO7i56QSiPlts9n\"><\/div><input type=\"text\" name=\"g-recaptcha-hidden\" class=\"wpforms-recaptcha-hidden\" style=\"position:absolute!important;clip:rect(0,0,0,0)!important;height:1px!important;width:1px!important;border:0!important;overflow:hidden!important;padding:0!important;margin:0!important;\" data-rule-recaptcha=\"1\"><\/div><div class=\"wpforms-submit-container\" ><input type=\"hidden\" name=\"wpforms[id]\" value=\"2148\"><input type=\"hidden\" name=\"page_title\" value=\"\"><input type=\"hidden\" name=\"page_url\" value=\"https:\/\/etraz-immo.ch\/index.php?rest_route=%2Fwp%2Fv2%2Fpages%2F123\"><button type=\"submit\" name=\"wpforms[submit]\" id=\"wpforms-submit-2148\" class=\"wpforms-submit\" data-alt-text=\"En cours d&#039;envoi...\" data-submit-text=\"Envoyer\" aria-live=\"assertive\" value=\"wpforms-submit\">Envoyer<\/button><img loading=\"lazy\" decoding=\"async\" src=\"https:\/\/etraz-immo.ch\/wp-content\/plugins\/wpforms-lite\/assets\/images\/submit-spin.svg\" class=\"wpforms-submit-spinner\" style=\"display: none;\" width=\"26\" height=\"26\" alt=\"Chargement en cours\"><\/div><\/form><\/div>  <!-- .wpforms-container --><\/span><\/p>\n\n\n\n<div class=\"wp-block-group has-global-padding is-layout-constrained wp-block-group-is-layout-constrained\"><\/div>\n<\/div><\/div>\n","protected":false},"excerpt":{"rendered":"<p>R\u00e9alisation<\/p>\n","protected":false},"author":1,"featured_media":0,"parent":0,"menu_order":0,"comment_status":"closed","ping_status":"closed","template":"","meta":{"footnotes":""},"class_list":["post-123","page","type-page","status-publish","hentry"],"_links":{"self":[{"href":"https:\/\/etraz-immo.ch\/index.php?rest_route=\/wp\/v2\/pages\/123","targetHints":{"allow":["GET"]}}],"collection":[{"href":"https:\/\/etraz-immo.ch\/index.php?rest_route=\/wp\/v2\/pages"}],"about":[{"href":"https:\/\/etraz-immo.ch\/index.php?rest_route=\/wp\/v2\/types\/page"}],"author":[{"embeddable":true,"href":"https:\/\/etraz-immo.ch\/index.php?rest_route=\/wp\/v2\/users\/1"}],"replies":[{"embeddable":true,"href":"https:\/\/etraz-immo.ch\/index.php?rest_route=%2Fwp%2Fv2%2Fcomments&post=123"}],"version-history":[{"count":59,"href":"https:\/\/etraz-immo.ch\/index.php?rest_route=\/wp\/v2\/pages\/123\/revisions"}],"predecessor-version":[{"id":2235,"href":"https:\/\/etraz-immo.ch\/index.php?rest_route=\/wp\/v2\/pages\/123\/revisions\/2235"}],"wp:attachment":[{"href":"https:\/\/etraz-immo.ch\/index.php?rest_route=%2Fwp%2Fv2%2Fmedia&parent=123"}],"curies":[{"name":"wp","href":"https:\/\/api.w.org\/{rel}","templated":true}]}}