{"id":50,"date":"2017-02-21T16:53:43","date_gmt":"2017-02-21T15:53:43","guid":{"rendered":"http:\/\/etraz-immo.ch\/?page_id=50"},"modified":"2024-11-24T19:49:06","modified_gmt":"2024-11-24T18:49:06","slug":"a-propos-de","status":"publish","type":"page","link":"https:\/\/etraz-immo.ch\/?page_id=50","title":{"rendered":"\u00c0 propos de"},"content":{"rendered":"\n<h2 class=\"wp-block-heading\">A propos de<\/h2>\n\n\n\n<div class=\"wp-block-cover alignfull is-light\" style=\"min-height:318px;aspect-ratio:unset;\"><span aria-hidden=\"true\" class=\"wp-block-cover__background has-base-background-color has-background-dim-90 has-background-dim\"><\/span><div class=\"wp-block-cover__inner-container is-layout-flow wp-block-cover-is-layout-flow\">\n<p><strong>ETRAZ Immo SA<\/strong> a \u00e9t\u00e9 fond\u00e9e en 2002 et a construit son premier b\u00e2timent&nbsp;dans le canton de Vaud.<\/p>\n\n\n\n<p>Ce projet immobilier \u00e9tant situ\u00e9 perpendiculairement au chemin d\u2019Etraz, c\u2019est tout naturellement que ce nom s\u2019est impos\u00e9 pour cr\u00e9er la soci\u00e9t\u00e9 \u00e9ponyme.<\/p>\n\n\n\n<p>Aujourd\u2019hui, forte de son exp\u00e9rience et de son savoir-faire, notre entreprise familiale a d\u00e9velopp\u00e9 et fait la promotion de la <strong>R\u00e9sidence La Preya<\/strong> situ\u00e9e au c\u0153ur des \u00ab&nbsp;4 vall\u00e9es&nbsp;\u00bb \u00e0 Haute-Nendaz en Valais.<\/p>\n\n\n\n<p>D\u2019autres projets novateurs sont en gestation pour l\u2019an prochain. N\u2019h\u00e9sitez pas \u00e0 nous contacter pour tout compl\u00e9ment d\u2019information ou fixer un rendez-vous afin de nous rencontrer pour en parler.<\/p>\n\n\n\n<p>La direction<\/p>\n<\/div><\/div>\n","protected":false},"excerpt":{"rendered":"<p>A propos de<\/p>\n","protected":false},"author":1,"featured_media":0,"parent":0,"menu_order":0,"comment_status":"closed","ping_status":"closed","template":"","meta":{"footnotes":""},"class_list":["post-50","page","type-page","status-publish","hentry"],"_links":{"self":[{"href":"https:\/\/etraz-immo.ch\/index.php?rest_route=\/wp\/v2\/pages\/50","targetHints":{"allow":["GET"]}}],"collection":[{"href":"https:\/\/etraz-immo.ch\/index.php?rest_route=\/wp\/v2\/pages"}],"about":[{"href":"https:\/\/etraz-immo.ch\/index.php?rest_route=\/wp\/v2\/types\/page"}],"author":[{"embeddable":true,"href":"https:\/\/etraz-immo.ch\/index.php?rest_route=\/wp\/v2\/users\/1"}],"replies":[{"embeddable":true,"href":"https:\/\/etraz-immo.ch\/index.php?rest_route=%2Fwp%2Fv2%2Fcomments&post=50"}],"version-history":[{"count":15,"href":"https:\/\/etraz-immo.ch\/index.php?rest_route=\/wp\/v2\/pages\/50\/revisions"}],"predecessor-version":[{"id":2234,"href":"https:\/\/etraz-immo.ch\/index.php?rest_route=\/wp\/v2\/pages\/50\/revisions\/2234"}],"wp:attachment":[{"href":"https:\/\/etraz-immo.ch\/index.php?rest_route=%2Fwp%2Fv2%2Fmedia&parent=50"}],"curies":[{"name":"wp","href":"https:\/\/api.w.org\/{rel}","templated":true}]}}